{"id":35,"date":"2018-12-04T12:35:44","date_gmt":"2018-12-04T11:35:44","guid":{"rendered":"http:\/\/toutencarto.com\/?page_id=35"},"modified":"2023-06-16T23:12:58","modified_gmt":"2023-06-16T21:12:58","slug":"qui-suis-je","status":"publish","type":"page","link":"https:\/\/toutencarto.com\/index.php\/qui-suis-je\/","title":{"rendered":"Qui suis je ?"},"content":{"rendered":"<p><img loading=\"lazy\" decoding=\"async\" class=\"size-full wp-image-49 alignleft\" src=\"http:\/\/toutencarto.com\/wp-content\/uploads\/2018\/12\/profil.jpg\" alt=\"\" width=\"242\" height=\"361\" srcset=\"https:\/\/toutencarto.com\/wp-content\/uploads\/2018\/12\/profil.jpg 242w, https:\/\/toutencarto.com\/wp-content\/uploads\/2018\/12\/profil-201x300.jpg 201w\" sizes=\"auto, (max-width: 242px) 100vw, 242px\" \/>Passionn\u00e9 de cartes depuis le plus jeune \u00e2ge, initi\u00e9 tr\u00e8s jeune au ski, piqu\u00e9 par la haute montagne \u00e0 l&#8217;adolescence, form\u00e9 \u00e0 l&#8217;informatique et \u00e0 son enseignement \u00e0 l&#8217;\u00e2ge adulte, tout \u00e7a m\u00e9lang\u00e9, \u00e7a donne au final une furieuse envie de transmettre aux autres mes modestes connaissances.<\/p>\n<p>Quatre d\u00e9cennies \u00e0 voyager dans la Nature, \u00e0 pieds, \u00e0 v\u00e9lo, \u00e0 skis, \u00e0 cheval avec une carte \u00e0 la main et plus r\u00e9cemment avec un GPS ou une appli sur mon t\u00e9l\u00e9phone, m&#8217;ont permis de me forger une solide exp\u00e9rience dans le domaine de l&#8217;orientation&#8230;et de me perdre aussi parfois.<\/p>\n<p><strong>Accompagnateur montagne dipl\u00f4m\u00e9 d&#8217;\u00e9tat<\/strong>, <strong>formateur national ski de randonn\u00e9e<\/strong> aupr\u00e8s de la <strong>F\u00e9d\u00e9ration Fran\u00e7aise de Ski<\/strong>, enseignant en <strong>informatique<\/strong> \u00e0 l&#8217;universit\u00e9 jusqu&#8217;il y a peu, toutes ces activit\u00e9s m&#8217;ont amen\u00e9 \u00e0 transmettre, durant un grand nombre d&#8217;ann\u00e9es, \u00e0 tout type de public, dans diff\u00e9rents domaines de pratique comme le ski de randonn\u00e9e ou la randonn\u00e9e p\u00e9destre.<\/p>\n<p>Avec d&#8217;autres passionn\u00e9s, j&#8217;ai \u00e9galement fond\u00e9 <a href=\"http:\/\/www.association-oxygene.eu\/\">un petit club de ski tr\u00e8s orient\u00e9 ski de randonn\u00e9e, voyage \u00e0 v\u00e9lo, randonn\u00e9es dans toute l&#8217;Europe<\/a>.<\/p>\n<p>Je propose des formations \u00e0 <strong>l&#8217;orientation en milieu naturel<\/strong> \u00e0 l&#8217;aide du triptyque <strong>carte<\/strong>\u00a0&#8211;\u00a0<strong>boussole<\/strong>\u00a0&#8211;\u00a0<strong>altim\u00e8tre<\/strong>, du <strong>gps<\/strong> ou des <strong>applications mobiles<\/strong>. Ces formations peuvent \u00eatre orient\u00e9es selon la pratique :<strong> randonn\u00e9e p\u00e9destre<\/strong>, <strong>ski de randonn\u00e9e<\/strong>, <strong>VTT<\/strong>, <strong>randonn\u00e9e \u00e0 cheval<\/strong>, <strong>voyage \u00e0 v\u00e9lo<\/strong>. Individuelles, en petit groupes, pour des particuliers, des clubs, des f\u00e9d\u00e9rations, des \u00e9coles, tout est possible. Alternant th\u00e9orie et pratique sur le terrain, sur une ou plusieurs journ\u00e9es, ces formations peuvent se d\u00e9rouler un peu partout en France ou \u00e0 l&#8217;\u00e9tranger.<\/p>\n<p>Pour les professionnels, j&#8217;interviens \u00e0 <a href=\"https:\/\/www.ipsan.fr\/orientation-numerique-en-milieu-naturel\">l&#8217;IPSAN<\/a> (Institut des Professionnels des Sports et Activit\u00e9s Nature), les formations peuvent donc \u00eatre financ\u00e9es.<\/p>\n<p>Enfin, j&#8217;encadre r\u00e9guli\u00e8rement des treks sur plusieurs jours comme la<a href=\"https:\/\/traversee-des-vosges.com\/\" target=\"_blank\" rel=\"noopener\"> travers\u00e9e des Vosges<\/a> ou le<a href=\"https:\/\/le-tour-du-mont-blanc.com\/\" target=\"_blank\" rel=\"noopener\"> Tour du Mont Blanc<\/a>.<\/p>\n<p>N&#8217;h\u00e9sitez pas \u00e0 me <a href=\"http:\/\/toutencarto.com\/index.php\/contact\/\">contacter<\/a> !<\/p>\n","protected":false},"excerpt":{"rendered":"<p>Passionn\u00e9 de cartes depuis le plus jeune \u00e2ge, initi\u00e9 tr\u00e8s jeune au ski, piqu\u00e9 par la haute montagne \u00e0 l&#8217;adolescence, form\u00e9 \u00e0 l&#8217;informatique et \u00e0 son enseignement \u00e0 l&#8217;\u00e2ge adulte, &#8230;<\/p>\n","protected":false},"author":1,"featured_media":0,"parent":0,"menu_order":0,"comment_status":"closed","ping_status":"closed","template":"","meta":{"footnotes":""},"class_list":["post-35","page","type-page","status-publish","hentry"],"yoast_head":"<!-- This site is optimized with the Yoast SEO plugin v27.4 - https:\/\/yoast.com\/product\/yoast-seo-wordpress\/ -->\n<title>Qui suis je ? - ToutEnCarto<\/title>\n<meta name=\"robots\" content=\"index, follow, max-snippet:-1, max-image-preview:large, max-video-preview:-1\" \/>\n<link rel=\"canonical\" href=\"https:\/\/toutencarto.com\/index.php\/qui-suis-je\/\" \/>\n<meta property=\"og:locale\" content=\"fr_FR\" \/>\n<meta property=\"og:type\" content=\"article\" \/>\n<meta property=\"og:title\" content=\"Qui suis je ? - ToutEnCarto\" \/>\n<meta property=\"og:description\" content=\"Passionn\u00e9 de cartes depuis le plus jeune \u00e2ge, initi\u00e9 tr\u00e8s jeune au ski, piqu\u00e9 par la haute montagne \u00e0 l&#8217;adolescence, form\u00e9 \u00e0 l&#8217;informatique et \u00e0 son enseignement \u00e0 l&#8217;\u00e2ge adulte, ...\" \/>\n<meta property=\"og:url\" content=\"https:\/\/toutencarto.com\/index.php\/qui-suis-je\/\" \/>\n<meta property=\"og:site_name\" content=\"ToutEnCarto\" \/>\n<meta property=\"article:modified_time\" content=\"2023-06-16T21:12:58+00:00\" \/>\n<meta property=\"og:image\" content=\"http:\/\/toutencarto.com\/wp-content\/uploads\/2018\/12\/profil.jpg\" \/>\n<meta name=\"twitter:card\" content=\"summary_large_image\" \/>\n<meta name=\"twitter:label1\" content=\"Dur\u00e9e de lecture estim\u00e9e\" \/>\n\t<meta name=\"twitter:data1\" content=\"2 minutes\" \/>\n<script type=\"application\/ld+json\" class=\"yoast-schema-graph\">{\"@context\":\"https:\\\/\\\/schema.org\",\"@graph\":[{\"@type\":\"WebPage\",\"@id\":\"https:\\\/\\\/toutencarto.com\\\/index.php\\\/qui-suis-je\\\/\",\"url\":\"https:\\\/\\\/toutencarto.com\\\/index.php\\\/qui-suis-je\\\/\",\"name\":\"Qui suis je ? - ToutEnCarto\",\"isPartOf\":{\"@id\":\"https:\\\/\\\/toutencarto.com\\\/#website\"},\"primaryImageOfPage\":{\"@id\":\"https:\\\/\\\/toutencarto.com\\\/index.php\\\/qui-suis-je\\\/#primaryimage\"},\"image\":{\"@id\":\"https:\\\/\\\/toutencarto.com\\\/index.php\\\/qui-suis-je\\\/#primaryimage\"},\"thumbnailUrl\":\"http:\\\/\\\/toutencarto.com\\\/wp-content\\\/uploads\\\/2018\\\/12\\\/profil.jpg\",\"datePublished\":\"2018-12-04T11:35:44+00:00\",\"dateModified\":\"2023-06-16T21:12:58+00:00\",\"breadcrumb\":{\"@id\":\"https:\\\/\\\/toutencarto.com\\\/index.php\\\/qui-suis-je\\\/#breadcrumb\"},\"inLanguage\":\"fr-FR\",\"potentialAction\":[{\"@type\":\"ReadAction\",\"target\":[\"https:\\\/\\\/toutencarto.com\\\/index.php\\\/qui-suis-je\\\/\"]}]},{\"@type\":\"ImageObject\",\"inLanguage\":\"fr-FR\",\"@id\":\"https:\\\/\\\/toutencarto.com\\\/index.php\\\/qui-suis-je\\\/#primaryimage\",\"url\":\"https:\\\/\\\/toutencarto.com\\\/wp-content\\\/uploads\\\/2018\\\/12\\\/profil.jpg\",\"contentUrl\":\"https:\\\/\\\/toutencarto.com\\\/wp-content\\\/uploads\\\/2018\\\/12\\\/profil.jpg\",\"width\":242,\"height\":361},{\"@type\":\"BreadcrumbList\",\"@id\":\"https:\\\/\\\/toutencarto.com\\\/index.php\\\/qui-suis-je\\\/#breadcrumb\",\"itemListElement\":[{\"@type\":\"ListItem\",\"position\":1,\"name\":\"Accueil\",\"item\":\"https:\\\/\\\/toutencarto.com\\\/\"},{\"@type\":\"ListItem\",\"position\":2,\"name\":\"Qui suis je ?\"}]},{\"@type\":\"WebSite\",\"@id\":\"https:\\\/\\\/toutencarto.com\\\/#website\",\"url\":\"https:\\\/\\\/toutencarto.com\\\/\",\"name\":\"ToutEnCarto\",\"description\":\"Formations GPS et applis smartphone pour l&#039;orientation en milieu naturel\",\"publisher\":{\"@id\":\"https:\\\/\\\/toutencarto.com\\\/#organization\"},\"potentialAction\":[{\"@type\":\"SearchAction\",\"target\":{\"@type\":\"EntryPoint\",\"urlTemplate\":\"https:\\\/\\\/toutencarto.com\\\/?s={search_term_string}\"},\"query-input\":{\"@type\":\"PropertyValueSpecification\",\"valueRequired\":true,\"valueName\":\"search_term_string\"}}],\"inLanguage\":\"fr-FR\"},{\"@type\":\"Organization\",\"@id\":\"https:\\\/\\\/toutencarto.com\\\/#organization\",\"name\":\"ToutEnCarto\",\"url\":\"https:\\\/\\\/toutencarto.com\\\/\",\"logo\":{\"@type\":\"ImageObject\",\"inLanguage\":\"fr-FR\",\"@id\":\"https:\\\/\\\/toutencarto.com\\\/#\\\/schema\\\/logo\\\/image\\\/\",\"url\":\"https:\\\/\\\/toutencarto.com\\\/wp-content\\\/uploads\\\/2023\\\/07\\\/cropped-TOUTenCARTO_LOGO-1.jpg\",\"contentUrl\":\"https:\\\/\\\/toutencarto.com\\\/wp-content\\\/uploads\\\/2023\\\/07\\\/cropped-TOUTenCARTO_LOGO-1.jpg\",\"width\":1653,\"height\":607,\"caption\":\"ToutEnCarto\"},\"image\":{\"@id\":\"https:\\\/\\\/toutencarto.com\\\/#\\\/schema\\\/logo\\\/image\\\/\"}}]}<\/script>\n<!-- \/ Yoast SEO plugin. -->","yoast_head_json":{"title":"Qui suis je ? - ToutEnCarto","robots":{"index":"index","follow":"follow","max-snippet":"max-snippet:-1","max-image-preview":"max-image-preview:large","max-video-preview":"max-video-preview:-1"},"canonical":"https:\/\/toutencarto.com\/index.php\/qui-suis-je\/","og_locale":"fr_FR","og_type":"article","og_title":"Qui suis je ? - ToutEnCarto","og_description":"Passionn\u00e9 de cartes depuis le plus jeune \u00e2ge, initi\u00e9 tr\u00e8s jeune au ski, piqu\u00e9 par la haute montagne \u00e0 l&#8217;adolescence, form\u00e9 \u00e0 l&#8217;informatique et \u00e0 son enseignement \u00e0 l&#8217;\u00e2ge adulte, ...","og_url":"https:\/\/toutencarto.com\/index.php\/qui-suis-je\/","og_site_name":"ToutEnCarto","article_modified_time":"2023-06-16T21:12:58+00:00","og_image":[{"url":"http:\/\/toutencarto.com\/wp-content\/uploads\/2018\/12\/profil.jpg","type":"","width":"","height":""}],"twitter_card":"summary_large_image","twitter_misc":{"Dur\u00e9e de lecture estim\u00e9e":"2 minutes"},"schema":{"@context":"https:\/\/schema.org","@graph":[{"@type":"WebPage","@id":"https:\/\/toutencarto.com\/index.php\/qui-suis-je\/","url":"https:\/\/toutencarto.com\/index.php\/qui-suis-je\/","name":"Qui suis je ? - ToutEnCarto","isPartOf":{"@id":"https:\/\/toutencarto.com\/#website"},"primaryImageOfPage":{"@id":"https:\/\/toutencarto.com\/index.php\/qui-suis-je\/#primaryimage"},"image":{"@id":"https:\/\/toutencarto.com\/index.php\/qui-suis-je\/#primaryimage"},"thumbnailUrl":"http:\/\/toutencarto.com\/wp-content\/uploads\/2018\/12\/profil.jpg","datePublished":"2018-12-04T11:35:44+00:00","dateModified":"2023-06-16T21:12:58+00:00","breadcrumb":{"@id":"https:\/\/toutencarto.com\/index.php\/qui-suis-je\/#breadcrumb"},"inLanguage":"fr-FR","potentialAction":[{"@type":"ReadAction","target":["https:\/\/toutencarto.com\/index.php\/qui-suis-je\/"]}]},{"@type":"ImageObject","inLanguage":"fr-FR","@id":"https:\/\/toutencarto.com\/index.php\/qui-suis-je\/#primaryimage","url":"https:\/\/toutencarto.com\/wp-content\/uploads\/2018\/12\/profil.jpg","contentUrl":"https:\/\/toutencarto.com\/wp-content\/uploads\/2018\/12\/profil.jpg","width":242,"height":361},{"@type":"BreadcrumbList","@id":"https:\/\/toutencarto.com\/index.php\/qui-suis-je\/#breadcrumb","itemListElement":[{"@type":"ListItem","position":1,"name":"Accueil","item":"https:\/\/toutencarto.com\/"},{"@type":"ListItem","position":2,"name":"Qui suis je ?"}]},{"@type":"WebSite","@id":"https:\/\/toutencarto.com\/#website","url":"https:\/\/toutencarto.com\/","name":"ToutEnCarto","description":"Formations GPS et applis smartphone pour l&#039;orientation en milieu naturel","publisher":{"@id":"https:\/\/toutencarto.com\/#organization"},"potentialAction":[{"@type":"SearchAction","target":{"@type":"EntryPoint","urlTemplate":"https:\/\/toutencarto.com\/?s={search_term_string}"},"query-input":{"@type":"PropertyValueSpecification","valueRequired":true,"valueName":"search_term_string"}}],"inLanguage":"fr-FR"},{"@type":"Organization","@id":"https:\/\/toutencarto.com\/#organization","name":"ToutEnCarto","url":"https:\/\/toutencarto.com\/","logo":{"@type":"ImageObject","inLanguage":"fr-FR","@id":"https:\/\/toutencarto.com\/#\/schema\/logo\/image\/","url":"https:\/\/toutencarto.com\/wp-content\/uploads\/2023\/07\/cropped-TOUTenCARTO_LOGO-1.jpg","contentUrl":"https:\/\/toutencarto.com\/wp-content\/uploads\/2023\/07\/cropped-TOUTenCARTO_LOGO-1.jpg","width":1653,"height":607,"caption":"ToutEnCarto"},"image":{"@id":"https:\/\/toutencarto.com\/#\/schema\/logo\/image\/"}}]}},"_links":{"self":[{"href":"https:\/\/toutencarto.com\/index.php\/wp-json\/wp\/v2\/pages\/35","targetHints":{"allow":["GET"]}}],"collection":[{"href":"https:\/\/toutencarto.com\/index.php\/wp-json\/wp\/v2\/pages"}],"about":[{"href":"https:\/\/toutencarto.com\/index.php\/wp-json\/wp\/v2\/types\/page"}],"author":[{"embeddable":true,"href":"https:\/\/toutencarto.com\/index.php\/wp-json\/wp\/v2\/users\/1"}],"replies":[{"embeddable":true,"href":"https:\/\/toutencarto.com\/index.php\/wp-json\/wp\/v2\/comments?post=35"}],"version-history":[{"count":11,"href":"https:\/\/toutencarto.com\/index.php\/wp-json\/wp\/v2\/pages\/35\/revisions"}],"predecessor-version":[{"id":1642,"href":"https:\/\/toutencarto.com\/index.php\/wp-json\/wp\/v2\/pages\/35\/revisions\/1642"}],"wp:attachment":[{"href":"https:\/\/toutencarto.com\/index.php\/wp-json\/wp\/v2\/media?parent=35"}],"curies":[{"name":"wp","href":"https:\/\/api.w.org\/{rel}","templated":true}]}}